2. What is l(-3)?
-2
Let j(k) = 10*k**2 + 10*k + 16. What is j(-4)?
136
Let x(p) = -p**3 + 4*p**2 - 4*p + 8. Determine x(4).
-8
Let v(y) = y**3 - 4*y**2 - 4*y - 10. Determine v(5).
-5
Let p(v) = -38*v + 10. Calculate p(-1).
48
Let l(n) = -6*n + 10. What is l(-9)?
64
Let q(i) = i**3 + 4*i**2 + 2*i. Determine q(-5).
-35
Let l(g) = 3*g**2 + 69*g - 10. Determine l(-23).
-10
Let g(z) = 4*z - 26. Give g(15).
34
Let s(x) = -x**2 + 4. Calculate s(-4).
-12
Let j(s) = 84*s - 581. What is j(7)?
7
Let o(d) = d + 25. What is o(19)?
44
Let k(x) = -x**2 - 19*x + 29. What is k(-21)?
-13
Let z(d) = -2*d + 3. What is z(6)?
-9
Let f(v) = -3*v + 11. What is f(-11)?
44
Let f(z) = -2*z**2 - z - 1. Determine f(2).
-11
Let o(m) = -18*m**2 - 4*m. Give o(-1).
-14
Let v(o) = o**3 + o**2 + 6*o - 23. What is v(0)?
-23
Let o(p) = p**2 - 12*p - 21. Give o(13).
-8
Let s(f) = -f**2 - 10*f - 15. Calculate s(-9).
-6
Let s(q) = 4*q - 9. Determine s(-8).
-41
Let n(b) = b**3 - b**2 - 3*b - 3. What is n(-2)?
-9
Let a(u) = -u**2 - 9*u + 4. What is a(-8)?
12
Let q(j) = j - 14. Calculate q(-10).
-24
Let z(k) = 2*k**2 + 43*k + 94. Give z(-19).
-1
Let t(r) = -r**2 - 5*r + 17. What is t(-7)?
3
Let d(m) = -2*m**2 + 10*m - 7. Give d(5).
-7
Let g(n) = -n**2 - 22*n + 71. What is g(-25)?
-4
Let c(n) = n**3 + 24*n**2 + 3*n + 58. Calculate c(-24).
-14
Let l(y) = y**2 + 26*y - 36. Calculate l(-27).
-9
Let i(j) = 4*j**2 - 57*j + 15. Calculate i(14).
1
Let q(o) = -4*o**3 + 4*o**2 - 4*o + 2. Determine q(1).
-2
Let f(y) = -y**3 + 34*y**2 - 34*y + 34. What is f(33)?
1
Let g(i) = i**3 - 26*i**2 + 50*i - 52. What is g(24)?
-4
Let o(n) = n**3 - 4*n**2 - 3*n + 2. What is o(4)?
-10
Let l(z) = 12*z - 42. Calculate l(6).
30
Let q(m) = -m**3 + 30*m**2 - 84*m + 88. Calculate q(27).
7
Let w(x) = x**2 - 18*x - 35. What is w(20)?
5
Let q(u) = 7*u + 4. What is q(-3)?
-17
Let f(s) = -s - 4. Determine f(5).
-9
Let y(c) = c**3 - 4*c**2 - 6*c. Determine y(5).
-5
Let f(q) = -q**3 - 5*q**2 - q - 6. Determine f(-5).
-1
Let k(m) = -m**2 + 39*m + 117. What is k(42)?
-9
Let l(x) = 9*x + 2. What is l(-2)?
-16
Let y(u) = u**3 + 3*u**2 + u - 3. What is y(-2)?
-1
Let s(q) = -12*q + 117. Calculate s(10).
-3
Let q(j) = 3*j**2 + j. Determine q(-2).
10
Let k(c) = -16*c**2 + 7*c - 2. Calculate k(2).
-52
Let t(h) = 10*h + 67. Determine t(-7).
-3
Let m(j) = -6*j + 32. What is m(-16)?
128
Let h(w) = w**3 + 2*w**2 - 4*w - 6. Calculate h(-2).
2
Let s(u) = -2*u + 22. Give s(16).
-10
Let j(i) = -2*i. What is j(-3)?
6
Let o(d) = d**3 + 7*d**2 - 17*d. What is o(-9)?
-9
Let q(a) = -2*a - 94. Give q(0).
-94
Let i(v) = v - 21. Give i(-3).
-24
Let s(t) = -5*t + 54. Calculate s(12).
-6
Let o(d) = d**3 - 4*d**2 + 4*d - 1. Give o(2).
-1
Let y(r) = -r**2 + 5*r - 1. Give y(6).
-7
Let c(d) = 3*d**3 + 2*d**2 + 4. Give c(-2).
-12
Let v(d) = -3*d**3 - 4*d**2 + d + 1. Calculate v(-2).
7
Let i(w) = 3*w**2 - 3*w - 2. Give i(-2).
16
Let o(m) = -m**2 + 18*m - 51. Calculate o(15).
-6
Let k(u) = u**2 - 20*u - 21. Determine k(-1).
0
Let u(d) = -d**3 - 4*d**2 - 3*d - 1. What is u(-2)?
-3
Let s(j) = -j**2 + 18*j - 23. Calculate s(17).
-6
Let h(q) = -3*q**2 - 57*q - 39. Determine h(-18).
15
Let s(a) = a + 49. What is s(0)?
49
Let x(c) = -c**3 - 6*c**2 - 6*c - 19. Determine x(-7).
72
Let a(p) = 2*p**2 - 15*p + 26. Determine a(5).
1
Let o(m) = 2*m**2 - 4*m - 4. Calculate o(-5).
66
Let c(i) = -i**3 + 8*i**2 - 18*i + 19. Determine c(5).
4
Let c(y) = y**2 - 26*y + 69. Determine c(3).
0
Let l(h) = -h**2 - 12*h + 1. Give l(-11).
12
Let f(z) = 3*z - 8. Calculate f(-28).
-92
Let r(i) = -12*i**2 + i. Calculate r(1).
-11
Let w(s) = 12*s + 121. What is w(-10)?
1
Let r(u) = u**2 + 9*u + 7. What is r(-1)?
-1
Let x(u) = -17*u + 79. Give x(6).
-23
Let d(z) = -z**3 + 21*z**2 - 17*z - 50. Give d(20).
10
Let g(r) = -5*r**2 + 6*r + 10. Calculate g(-3).
-53
Let g(c) = 3*c - 70. Give g(29).
17
Let p(n) = 5*n**2 - 1. What is p(-1)?
4
Let r(f) = -10*f - 4. Calculate r(6).
-64
Let g(h) = -h**2 + 29*h - 124. What is g(23)?
14
Let u(y) = -3*y + 10. What is u(5)?
-5
Let i(h) = h**2 + 24*h - 64. What is i(-29)?
81
Let z(x) = 4*x - 3. Calculate z(3).
9
Let m(k) = -6*k - 1. Determine m(-7).
41
Let l(u) = u - 21. What is l(15)?
-6
Let m(b) = b**2 - 12*b - 13. What is m(13)?
0
Let x(z) = -z**2 + 3*z + 6. Give x(5).
-4
Let b(y) = 7*y - 81. Give b(12).
3
Let w(f) = f - 20. Calculate w(15).
-5
Let q(p) = p**3 - 7*p**2 - p + 16. Give q(7).
9
Let g(f) = -9*f + 417. Give g(46).
3
Let x(y) = 10*y - 23. Determine x(9).
67
Let p(s) = s**2 + 9*s - 6. What is p(-8)?
-14
Let u(h) = h**3 - 13*h**2 + 23*h - 9. What is u(11)?
2
Let z(x) = -4*x + 55. What is z(6)?
31
Let m(x) = -x**2 - 2*x + 7. What is m(2)?
-1
Let a(i) = i**3 + 15*i**2 + 13*i - 9. Calculate a(-14).
5
Let r(h) = -h**2 + 31*h - 105. Calculate r(28).
-21
Let v(f) = -f**3 + 12*f**2 - f - 16. Determine v(12).
-28
Let z(g) = g**2 - 9*g + 3. What is z(8)?
-5
Let l(z) = z**2 + 14*z + 10. Calculate l(-14).
10
Let j(r) = r**2 + 11*r + 12. What is j(0)?
12
Let p(s) = s**3 + 7*s**2 + 6*s + 3. Determine p(-6).
3
Let p(w) = -5*w**2 + 9*w - 10. Give p(1).
-6
Let u(k) = -12*k + 5. What is u(5)?
-55
Let m(s) = 3*s - 17. Determine m(7).
4
Let h(m) = m + 14. Determine h(-17).
-3
Let i(l) = l**2 + 29*l + 165. Give i(-7).
11
Let j(u) = -u**3 - 13*u**2 + 10*u - 53. Calculate j(-14).
3
Let d(x) = -3*x - 11. Determine d(4).
-23
Let h(a) = -5*a + 26. Give h(6).
-4
Let z(d) = d**3 + 10*d**2 + 4*d + 10. Calculate z(-10).
-30
Let g(a) = 2*a**3 - 25*a**2 + 9*a + 16. Determine g(12).
-20
Let d(m) = 7*m - 3. Calculate d(2).
11
Let q(n) = -n**2 + 21*n - 100. Give q(13).
4
Let k(a) = a**3 + a**2 - a + 3. Calculate k(-2).
1
Let o(w) = -3*w**2 + 1. Give o(1).
-2
Let j(n) = -9*n - 34. Give j(-4).
2
Let t(k) = -63*k + 59. What is t(1)?
-4
Let d(p) = p**3 - 22*p**2 + 23*p - 50. Give d(21).
-8
Let z(f) = -2*f + 1. Determine z(3).
-5
Let f(u) = -57*u + 336. Give f(6).
-6
Let z(y) = y**2 + 2*y + 40. What is z(0)?
40
Let w(j) = -j**2 + j + 4. Give w(7).
-38
Let r(q) = q**2 - 9*q - 17. Calculate r(12).
19
Let z(y) = -2*y**2 + 4*y - 1. Determine z(3).
-7
Let d(w) = 3*w - 8. Calculate d(-5).
-23
Let f(a) = -45*a - 6. Determine f(-2).
84
Let w(t) = 2*t**2 - 13*t - 22. Calculate w(8).
2
Let j(w) = -w**3 + 2*w**2 + 6*w + 2. Determine j(4).
-6
Let g(x) = x**2 + 10*x + 18. What is g(-8)?
2
Let h(y) = 12*y - 107. Calculate h(7).
-23
Let g(o) = o**3 - 6*o**2 - 31*o - 2. Determine g(-4).
-38
Let p(t) = t**3 - 3*t**2 - 7*t + 5. Calculate p(5).
20
Let a(p) = -p + 7. Calculate a(2).
5
Let m(j) = j**2 - j - 7. What is m(4)?
5
Let d(q) = q**3 - 15*q**2 - 17*q + 10. What is d(16)?
-6
Let l(q) = -q**3 - 23*q**2 - 21*q + 12. Give l(-22).
-10
Let u(o) = -2*o - 38. Calculate u(-22).
6
Let f(x) = -9*x + 5. What is f(-8)?
77
Let q(c) = 2*c**2 - 64*c + 61. Give q(31).
-1
Let k(u) = 7*u**2 - u - 1. Determine k(-2).
29
Let x(m) = m**3 + 2*m**2 - 2*m - 6. Determine x(-4).
-30
Let r(t) = 2*t**2 - 6*t - 7. Give r(6).
29
Let u(l) = l**2 - 21*l + 69. Calculate u(17).
1
Let k(h) = -h**3 - 26*h**2 + 29*h + 59. Give k(-27).
5
Let y(o) = o**2 - 29*o + 51. Determine y(25).
-49
Let a(u) = u**2 + 2*u + 10. What is a(-7)?
45
Let o(k) = -k**2 + 13*k + 4. What is o(14)?
-10
Let g(d) = d**3 - 9*d**2 + 5*d - 28. Determine g(10).
122
Let o(c) = -4*c - 34. What is o(-4)?
-18
Let c(p) = -p**3 + 4*p**2 - 2*p + 2. Determine c(4).
-6
Let g(o) = o**3 + 19*o**2 - 20*o + 29. What is g(-20)?
29
Let k(r) = r**2 - 5*r + 1. Give k(7).
15
Let k(w) = -w + 13. Give k(4).
9
Let h(z) = -z**2 + 5*z + 19. Calculate h(6).
13
Let c(y) = -2*y + 1. Determine c(1).
-1
Let d(u) = -u - 1. Determine d(7).
-8
Let n(l) = -l**2 + 22*l - 17. Determine n(20).
23
Let b(y) = -y + 3. What is b(-5)?
8
Let g(w) = 5*w + 30. Determine g(-6).
0
Let g(j) = j**3 + 8*j**2 - 10*j - 3. Calculate g(-9).
6
Let h(c) = -5*c**2 + 7*c - 4. What is h(1)?
-2
Let q(p) = 2*p - 14. Give q(-18).
-50
Let v(n) = -n**2 + 11*n - 18. Give v(6).
12
Let u(v) = -2*v + 90. What is u(7)?
76
Let z(t) = -2*t**2 + 4*t + 9. Give z(3).
3
Let z(g) = -g + 57. Calculate z(27).
30
Let d(s) = s**3 - 6*s**2 + 3*s - 6. Give d(6).
12
Let s(b) = 8*b + 53. Give s(-6).
5
Let b(l) = -9*l + 57. What is b(7)?
-6
Let z(c) = 34*c**3 - c**2. Give z(-1).
-35
Let z(c) = -4*c**3 - 30*c**2 - 7*c + 8. What is z(-7)?